 composite number?
True
Is 4088438111 a composite number?
False
Is 4440117827 a prime number?
False
Is 10714084203 a composite number?
True
Is 1523734237 composite?
True
Is 10137917165 prime?
False
Is 567730994 composite?
True
Is 23739393631 prime?
True
Is 95626651 prime?
False
Is 10344559891 a composite number?
True
Is 17136850217 prime?
True
Is 12477701941 prime?
True
Is 3629877841 a prime number?
True
Is 10849991771 prime?
False
Is 4418057083 a prime number?
False
Is 1339266289 a composite number?
False
Is 793141721 composite?
False
Is 8168857999 a composite number?
True
Is 4210935121 a composite number?
False
Is 544819337 prime?
True
Is 1466751131 composite?
True
Is 569899987 prime?
False
Is 8081694407 prime?
True
Is 2084955277 prime?
True
Is 5240538271 a prime number?
True
Is 70336447 a prime number?
True
Is 291858131 prime?
False
Is 13291996591 composite?
True
Is 1102472939 a prime number?
True
Is 1507689299 composite?
True
Is 893669657 prime?
True
Is 20444366081 a prime number?
True
Is 3653919427 a composite number?
True
Is 1709400907 a prime number?
True
Is 104426299127 a composite number?
False
Is 72276864619 a composite number?
True
Is 156019637 a composite number?
True
Is 781157759 a prime number?
True
Is 107683208521 composite?
True
Is 2202622369 a prime number?
True
Is 195365311 composite?
False
Is 17500532867 prime?
False
Is 74945969731 prime?
False
Is 11936878481 a prime number?
False
Is 9481173491 prime?
True
Is 15550647631 a prime number?
False
Is 67978026611 prime?
False
Is 2003776561 composite?
False
Is 132101771315 composite?
True
Is 37800314137 a composite number?
True
Is 98145349567 a prime number?
False
Is 154344886 composite?
True
Is 846805987 a composite number?
False
Is 2568966737 prime?
True
Is 836783243 prime?
True
Is 67029035 prime?
False
Is 7290820597 composite?
False
Is 3091977173 a composite number?
False
Is 4192295029 a prime number?
False
Is 45629823 a prime number?
False
Is 27448171 prime?
False
Is 143368949 a composite number?
True
Is 273446283359 prime?
True
Is 168834313 a prime number?
False
Is 210575717 a composite number?
True
Is 495315185 a composite number?
True
Is 17402823167 a composite number?
True
Is 237696047 composite?
False
Is 19153422359 a prime number?
False
Is 234232133 a composite number?
True
Is 6775084121 composite?
True
Is 25050653 a composite number?
False
Is 287209619 prime?
True
Is 42299273 composite?
True
Is 7258143211 prime?
False
Is 17991441361 composite?
False
Is 21852655157 a composite number?
True
Is 119920767 prime?
False
Is 184628321 a composite number?
True
Is 890165491 a prime number?
False
Is 3257028417 prime?
False
Is 102876701 a prime number?
False
Is 43074631619 composite?
True
Is 7987720361 prime?
True
Is 607925041 a prime number?
False
Is 1302735839 composite?
False
Is 1934866471 composite?
False
Is 846105493 composite?
False
Is 22572252935 a prime number?
False
Is 4823497157 prime?
True
Is 3522750359 a composite number?
False
Is 9043803799 prime?
True
Is 6612965698 composite?
True
Is 14498807929 a composite number?
False
Is 99914367479 composite?
False
Is 197628127 composite?
True
Is 6793389311 composite?
False
Is 828820007 a prime number?
True
Is 3193152433 prime?
True
Is 518916887 composite?
False
Is 119135771 a composite number?
False
Is 75676373 composite?
True
Is 9449008917 a prime number?
False
Is 672342857 composite?
False
Is 105097408991 composite?
True
Is 194389099 a composite number?
True
Is 1561206973 a composite number?
False
Is 655790041 a composite number?
True
Is 20861519389 a prime number?
True
Is 18780483191 prime?
False
Is 155279849 prime?
True
Is 2139213991 composite?
True
Is 1220233337 composite?
False
Is 4084125323 prime?
True
Is 6113827387 composite?
True
Is 1323654617 composite?
False
Is 72048962173 composite?
False
Is 24904979557 prime?
True
Is 257328023 a composite number?
False
Is 1240856709 prime?
False
Is 275089172203 composite?
False
Is 14768694797 a composite number?
False
Is 25827181993 composite?
True
Is 56272309 prime?
True
Is 1387870271 a composite number?
False
Is 1857095767 prime?
False
Is 3001650871 a prime number?
True
Is 46968476831 a composite number?
False
Is 7068870383 composite?
False
Is 1583426473 a prime number?
True
Is 1972494429 composite?
True
Is 20626897 composite?
False
Is 4071217357 prime?
False
Is 42529886261 a composite number?
False
Is 26721790427 composite?
False
Is 626605867 a prime number?
True
Is 108965284093 a prime number?
True
Is 125413129 composite?
True
Is 3366187001 a composite number?
False
Is 8132384011 a prime number?
True
Is 17154244699 a prime number?
False
Is 15207923 a prime number?
False
Is 26167675393 composite?
False
Is 84501201919 composite?
True
Is 7992889679 prime?
False
Is 727950221 a composite number?
False
Is 1468797721 composite?
False
Is 282909647 a prime number?
True
Is 74958610031 a composite number?
False
Is 544275598 prime?
False
Is 127664027 a composite number?
False
Is 1139115761 a prime number?
False
Is 66807588587 composite?
True
Is 383997737 prime?
True
Is 1133294773 prime?
False
Is 1117700123 composite?
False
Is 456852421 a prime number?
False
Is 766450961 composite?
False
Is 853400687 composite?
False
Is 7772062037 composite?
True
Is 1048496651 a composite number?
False
Is 17293657159 a prime number?
True
Is 152487787499 composite?
True
Is 713854129 a prime number?
False
Is 22493296333 a prime number?
False
Is 361910453 prime?
False
Is 6477657583 a composite number?
False
Is 59602438891 a prime number?
True
Is 269032060201 a composite number?
False
Is 831714731 composite?
False
Is 1727375353 prime?
False
Is 388204213 a composite number?
True
Is 221246981 prime?
True
Is 256662477385 a prime number?
False
Is 17276917247 prime?
False
Is 283038929 prime?
False
Is 103297200311 a composite number?
False
Is 34401996073 prime?
False
Is 2343757623 composite?
True
Is 4083352159 composite?
False
Is 73690344355 a prime number?
False
Is 52111679999 a prime number?
True
Is 228188738 composite?
True
Is 94391168797 a prime number?
False
Is 39315918373 prime?
True
Is 4323822541 a prime number?
False
Is 1547955141 composite?
True
Is 4541267201 composite?
False
Is 39158227 a prime number?
True
Is 8507154839 a prime number?
True
Is 1359308741 a prime number?
False
Is 1024430909 a composite number?
False
Is 1786773529 a prime number?
True
Is 33736170301 prime?
True
Is 274478585 composite?
True
Is 184949232077 prime?
True
Is 1054388861 a composite number?
False
Is 7288056539 prime?
True
Is 1851213629 composite?
False
Is 1842023461 a composite number?
True
Is 1173757589 composite?
True
Is 2166158399 a composite number?
False
Is 563523329 prime?
True
Is 9860253941 a composite number?
False
Is 5355718211 a composite number?
True
Is 2094674989 a prime number?
False
Is 250209889187 a prime number?
True
Is 26628903859 a composite number?
False
Is 30644959 prime?
True
Is 2742603029 a composite number?
False
Is 167515531 prime?
True
Is 1416290453 prime?
True
Is 1722659269 a prime number?
False
Is 765863071 a prime number?
True
Is 33518273911 composite?
True
Is 32113238671 prime?
True
Is 14716688309 a prime number?
True
Is 4471380087 composite?
True
Is 50215756061 composite?
False
Is 29726187823 prime?
True
Is 5412077339 a composite number?
False
Is 146908301201 prime?
False
Is 95132363083 a composite number?
True
Is 1040626583 a prime number?
False
Is 2594234093 composite?
True
Is 521539417973 composite?
True
Is 4342429001 a prime number?
False
Is 168691673 composite?
False
Is 8326683542 a prime number?
False
Is 1097392697 prime?
True
Is 29069835367 a composite number?
False
Is 2896083087 prime?
False
Is 101293872179 prime?
True
Is 50758803971 prime?
True
Is 52966549 a prime number?
False
Is 112632965249 a composite number?
True
Is 59445218389 a composite number?
True
Is 75708125293 prime?
True
Is 200302813 prime?
True
Is 161365543 prime?
True
Is 2992471 composite?
True
Is 1064771263 a prime number?
True
Is 14461971679 composite?
False
Is 87385327 a composite number?
False
Is 2399554891 prime?
False
Is 787799951 a composite number?
False
Is 5656906831 prime?
True
Is 1023696053 composite?
False
Is 165089362 a composite number?
True
Is 10304525373 prime?
False
Is 564683143 prime?
False
Is 422855893 compo